-3*u. Suppose 0*s = s - 3. Determine y(s).
-9
Let o(q) = -2 + 2*q - 17*q**2 + 3 + 0. Suppose -6 = -4*p - 5*c, 5*p - 4 = -5*c + 1. Calculate o(p).
-18
Let u be (4/10)/(4/(-40)). Let l(g) = -1 + 4 - 2 + 2*g - 4 + g**2. What is l(u)?
5
Suppose 3*y = b - 19, 5*b = y + y + 30. Suppose 2*j = 3*j - 4. Let s(h) = 3 - 2*h + j*h**2 + 0 - h**3 + 2. Calculate s(b).
-3
Let o(x) = -x**3 - 2*x**2 + 3*x - 1. Let l = -13 + 15. What is o(l)?
-11
Let c(x) = x**3 + 4*x**2 - 7*x - 2. Suppose 5*b = -5*y - 15, 4*b + 2*y + 16 = -0. Give c(b).
8
Let n(b) = -7*b**2 - 6*b + 7. Let w = -5 - 1. Let o(i) = 15*i**2 + 13*i - 15. Let a(y) = w*o(y) - 13*n(y). Calculate a(0).
-1
Let r(p) = -p**3 - 2*p**3 + 3*p**2 - 2*p**2. Let o(n) be the first derivative of n**4/4 - 8*n**3/3 + 4*n**2 - 6*n - 1. Let t be o(7). Determine r(t).
-2
Let f be (-5)/(-3) - (-1)/3. Let a(b) = b**3 - 3*b**2 + 3. Let o(y) = 4*y**3 - 13*y**2 + y + 12. Let h(l) = -9*a(l) + 2*o(l). Give h(f).
-3
Let k(j) = -j**3 + j**2 - 22. Let c be 0/(-2 - -6 - 3). Determine k(c).
-22
Suppose -4*j + 20 + 0 = 0. Suppose 0 = -j*k - 5*u + 10, -5*u = k - 3*k - 31. Let v(q) = -2*q**2 - 3*q + 4. What is v(k)?
-5
Let o(s) = s**3 - 4*s**2 + 3*s + 4. Let n(m) = m**2 + 3. Let q be n(-4). Suppose 5*j = -0*j + 2*v + q, 2*j - v = 8. Give o(j).
4
Let i(s) = -2*s + 2*s - s**2 - 4*s**2 + s - 2. Let h(j) = -3*j**2 + j**2 + 3*j**2. Let z(f) = 4*h(f) + i(f). What is z(2)?
-4
Let f be ((-2)/4)/((-1)/30). Let a be (-27)/(-5) + 2/(-5). Suppose w - f = -4*h, h = -4*w + a*h. Let y(n) = n**3 - 2*n**2 - n - 4. Give y(w).
2
Let d(n) be the third derivative of 5*n**4/12 + n**3/6 + 14*n**2. Suppose 2*s - 7*s + 5 = 0. What is d(s)?
11
Let b(z) = -3*z + 4. Let g be b(2). Let l(v) = -2*v + 0*v + 4 - 3. Determine l(g).
5
Let n = 13 - 7. Let q(b) = -b**2 + 4*b. What is q(n)?
-12
Let s(w) = -7*w**2 - 5*w + 7. Let y(i) = i**2 - 1. Let c(m) = s(m) + 6*y(m). Give c(-4).
5
Let o(t) = -t**2 + 11*t + 2. Let d be o(11). Let z be 4/(-14) + (-32)/(-14). Let p(j) = 3*j**2 + j**3 - 3*j**d - 2*j + z*j**2. Give p(-2).
4
Let o(l) = 4*l - 17. Let u(s) = 1. Let x(a) = o(a) + u(a). Let r(y) = y - 3. Let k(p) = -11*r(p) + 2*x(p). Determine k(2).
-5
Let o(v) = 31*v + 0 - 1 - 15*v. Determine o(-2).
-33
Let s(i) = -i + 2. Suppose 3*r - 8 = r. Suppose r*g + 17 = -3*n, 2*g + g = -3*n - 12. Give s(g).
7
Let t(n) = -8*n + 2. Suppose 0 = -2*g - x + 7, -x - 13 = -3*g - 3*x. Let j(u) = -1. Let h(m) = g*t(m) + 3*j(m). Let r be (-3)/6*-4 + -3. Determine h(r).
7
Let c(p) = -3*p - 3. Let q(k) = 3*k**2 + 16*k - 19. Let v(n) = 2*n**2 + 8*n - 10. Let w(b) = -3*q(b) + 5*v(b). Let o be w(6). Let m be 3/30*4*o. Calculate c(m).
3
Let f(t) = t**2 + 3*t. Let u(d) = -2*d + 15. Let z(j) = j - 8. Let g(n) = 3*u(n) + 7*z(n). Let p = 7 + 2. Let s be g(p). Determine f(s).
-2
Let x be (-4)/(-12)*(0 - -9). Let i be x - (1 + 0 - 1). Let q(r) = -7*r**i + r**3 - r**2 + 7*r**3 - 8 - r. Determine q(0).
-8
Let b be ((-6)/(-2))/((-6)/(-8)). Let k(v) = -4*v**3 + 7*v**2 + 3. Let r(c) = -3*c**3 + 6*c**2 - c + 4. Let g(i) = 2*k(i) - 3*r(i). Give g(b).
6
Let t(o) = -o + 13. Let j(b) = 2*b - 25. Let l(u) = 6*j(u) + 11*t(u). Calculate l(7).
0
Let k(c) = -c**3 + 14*c**2 - 14*c + 12. Let u = 38 - 25. Let w be k(u). Let p(l) = -l + 0*l**2 - 4*l**2 - l**2. Give p(w).
-4
Let n(i) = -9*i**3 - i**2 - i. Suppose -10 - 8 = -u. Suppose u = -3*d + 3*f, -19 = 4*d + f - 4*f. Give n(d).
9
Let p(y) = -y. Let u(x) = x + 5. Let b(m) = -2*p(m) - u(m). Suppose 5*k + 15 = 0, q = 2*k - 2 - 2. Let s be (-15)/(-6)*(-12)/q. Calculate b(s).
-2
Suppose -3*f = -4*o - 28, -2*f + 26 = f - 2*o. Let r(j) = -j**3 + 9*j**2 - 7*j - 4. Give r(f).
4
Let z(t) = -t - 5. Suppose u + 0*u = -5*q - 31, 19 = u - 5*q. What is z(u)?
1
Let w(p) = 2*p - 7. Let d be w(4). Suppose 2*i - d = -3. Let b(t) = t**3 + t**2 + t. What is b(i)?
-1
Let j(q) = q**2 - 3*q + 2. Let b be j(5). Let s be 2/(-6) + 112/b. Let m(o) = s - 8 + 0*o**3 - o**3. Determine m(-1).
2
Let n = 1 + 2. Let i(f) = -n - 3*f**3 + 4*f**3 + 15 + f**2. Determine i(0).
12
Let s be 16/6 + (-6)/9. Let f = s + 2. Let h(b) = -2 - b**2 - 4*b - 4*b + 2*b**2 + f*b. Give h(5).
3
Let p(h) = -h**3 + 2 - 1 + 3*h**2 + 5*h**2 - 7*h. Give p(7).
1
Let k = 3 - 3. Let j(o) = k*o**2 + 1 - 4 - o**2 + 0*o**2. Calculate j(0).
-3
Let f = 2 - 0. Let d(n) = f*n**2 + 1 + 3*n**2 - 2*n - 3*n**2 - 4*n. What is d(4)?
9
Suppose 15 = f + 4*f. Let y(p) = -2*p**3 - 4*p**2 + 0 + 3*p + f*p**3 + 4 - p**2. Determine y(3).
-5
Let l(w) be the third derivative of -w**7/210 + w**6/720 + 5*w**4/24 + 4*w**2. Let s(p) be the second derivative of l(p). Give s(-1).
-13
Let k(t) = -4*t**3 - 7*t**2 + 5*t + 1. Let q(w) = -3*w**3 - 6*w**2 + 4*w. Let a(f) = 2*k(f) - 3*q(f). Calculate a(-5).
-13
Let u(i) = 10*i. Suppose 5*g + 3*w = -5, 0*w = -4*g - 2*w - 4. Determine u(g).
-10
Let r(y) be the first derivative of -y**2/2 + 9. Let h(x) = -x. Let d(b) = 6*h(b) - 2*r(b). What is d(2)?
-8
Let l(q) be the third derivative of -q**4/6 + q**3/6 - 65*q**2. Give l(1).
-3
Let v(w) = -2*w**2 + 2*w. Let h(j) = j**3 + 5*j**2 + 5*j + 6. Let m be h(-4). Suppose 3*o - 3 = 0, -2*d - m*o + 8 = 2*o. Calculate v(d).
-4
Let j(x) = -x**2 - 6*x. Let g be j(-6). Let v(p) = -28 - 8*p**2 + g*p**2 + 29 - 2*p. Suppose 4*h - 2*f - 12 - 2 = 0, 2*f + 12 = 2*h. What is v(h)?
-9
Let k = -13 + 14. Let i(c) = c**2 - 6 + 2 + 3. Determine i(k).
0
Let x(b) = 2*b - 5. Let p be x(4). Let m(i) = -i**2 + 2*i - 3. Calculate m(p).
-6
Let g(r) = r**3 + 4*r**2 - 5*r + 6. Suppose 8*z + 5 = 3*z. Let k = z + -4. Determine g(k).
6
Let u(c) = -c**3 + 3*c**2 + 2*c - 3. Let x(k) = -k**3 - 7*k**2 + k + 10. Let w be x(-7). What is u(w)?
3
Let r(i) = 2*i - i - 9*i. Suppose -3 = -c - l, -6*l = 2*c - 2*l - 10. Determine r(c).
-8
Let c(l) be the first derivative of -l**3 + 4*l**2 + 22*l - 2. Let m(s) = 2*s**2 - 5*s - 15. Let z(q) = 5*c(q) + 7*m(q). Determine z(5).
5
Let s(i) = 23*i**2 + 11*i - 5. Let k(z) = z + 3. Let t be k(-10). Let v(g) = 12*g**2 + 5*g - 2. Let q(x) = t*v(x) + 3*s(x). Determine q(-1).
-14
Let w(m) = 0*m + 3 + 5*m + 3*m - 4. Give w(-1).
-9
Let r(h) = h**3 - 7*h**2 - 7*h - 5. Let g be r(8). Let j(l) = 2 + 4 - g*l - l**2 - 4. Give j(-2).
4
Let m(c) = c**2 + 4*c - 1. Suppose 11*u = -10 - 23. Determine m(u).
-4
Let u(y) = 3*y + 5. Suppose 2 = 5*k - 23. Suppose 0*f - 5*f + 10 = 0. Suppose -k = 5*r, -2*w + f*r - 18 = 3*w. What is u(w)?
-7
Suppose -2*d + 5*d = 3*i - 9, 2*d - 2 = 0. Let w be 2/i*(11 - -1). Let a(k) = k**3 - 7*k**2 + 5*k + 6. Calculate a(w).
0
Let i(g) = 2*g**3 - g**2 + 2*g - 1. Suppose -b + 2*r = -7, 3*r = b - 2*b - 8. Let h be i(b). Let m(z) = 3*z + 3 - h - 3 + z**2. Give m(-5).
8
Let c(x) = -x - 4*x**2 - 67 - 2*x**2 + x**3 + 70. Calculate c(6).
-3
Suppose -4*g + 2*k = 46, 4*g + 2*k = -0*g - 26. Let l(w) = w**2 + 9*w + 3. Determine l(g).
3
Suppose 0 = 2*u + u + 9. Let j(i) = -4*i**2 + 5*i - 7. Let m(x) = -x**2 + x - 1. Let h(f) = -j(f) + 5*m(f). Give h(u).
-7
Let g(v) = -v + 4. Let f(s) = 5*s - 21. Let c(t) = 2*f(t) + 11*g(t). Calculate c(-2).
4
Let s(l) = l**3 - 6*l**2 - 2*l + 3. Let w be (-11)/(-11) - (0 + -5). Determine s(w).
-9
Let k(n) be the second derivative of n**5/20 - 5*n**4/12 + n**3/3 - n**2 + 2*n - 4. What is k(2)?
-10
Let o(b) = -5*b. Let g(k) = 11*k. Let f(c) = 4*g(c) + 9*o(c). Let h(m) = -m**2 + 6*m. Let r(x) = 5*f(x) + h(x). Calculate r(2).
-2
Let q(v) = v**3 - 3*v**2 + 2. Let m be q(3). Suppose 0 = -3*z + 1 + 5. Let j(k) = 0*k**2 - 3*k**2 + 4*k - z + k**2. Give j(m).
-2
Let y = -45 - -50. Let x(j) = 3*j + 2. Give x(y).
17
Let h(b) = -b**2 - 6*b - 4. Let i be -2*5*(-2)/(-12)*3. Determine h(i).
1
Let s be (-4 - (-22)/4)*4. Let g(j) = -j**3 + 5*j**2 + 4*j + 7. Determine g(s).
-5
Let m(a) be the second derivative of -a**5/20 + a**4/4 + 2*a**3/3 + a**2/2 + a. Suppose -12*n = -12 - 24. Calculate m(n).
13
Let y(t) = t**2 - 5*t + 1. Suppose -2*l + 1 = -3. Give y(l).
-5
Let w(m) be the second derivative of -m**3/6 - 4*m**2 - 2*m. Let t(v) = -2*v - 2. Let q be t(-3). Suppose -3*u = -12, 4*b + 0*u + 16 = q*u. Give w(b).
-8
Let g(o) = -3*o**2 - 4*o + 2. Let q(d) = -4*d**2 - 5*d + 1. Let s(t) = -3*g(t) + 2*q(t). Calculate s(-4).
4
Let i = 0 - -1. Let x(r) = i + 1 - 3*r**2 + 2*r - r**3 + 0. Suppose 18 = -4*l + 2. Determine x(l).
10
Let j(f) = 3*f - 4 - 4*f**2 + 3 + 0 + 0 + f**3